{"id":69,"date":"2020-07-12T13:31:02","date_gmt":"2020-07-12T11:31:02","guid":{"rendered":"http:\/\/asbt.pl\/?page_id=69"},"modified":"2022-09-20T00:51:27","modified_gmt":"2022-09-19T22:51:27","slug":"asbt","status":"publish","type":"page","link":"https:\/\/asbt.pl\/","title":{"rendered":""},"content":{"rendered":"\n<p class=\"has-medium-font-size\"><br><\/p>\n\n\n\n<p class=\"has-medium-font-size\">Sp\u00f3\u0142ka ASBT zosta\u0142a za\u0142o\u017cona przez absolwent\u00f3w Politechniki Warszawskiej oraz PJATK. <\/p>\n\n\n\n<p class=\"has-medium-font-size\">Jako byli pracownicy Politechniki Warszawskiej mamy bogate do\u015bwiadczenie w realizacji projekt\u00f3w naukowych oraz komercyjnych realizowanych dla i we wsp\u00f3\u0142pracy z partnerami przemys\u0142owymi.<\/p>\n\n\n\n<p class=\"has-medium-font-size\">Wykorzystuj\u0105c nasz\u0105 wiedz\u0119 i do\u015bwiadczenie oferujemy wparcie i rozwi\u0105zania techniczne bazuj\u0105ce na aktualnym stanie techniki. <\/p>\n\n\n\n<p><br><\/p>\n","protected":false},"excerpt":{"rendered":"<p>Sp\u00f3\u0142ka ASBT zosta\u0142a za\u0142o\u017cona przez absolwent\u00f3w Politechniki Warszawskiej oraz PJATK. Jako byli pracownicy Politechniki Warszawskiej mamy bogate do\u015bwiadczenie w realizacji projekt\u00f3w naukowych oraz komercyjnych realizowanych dla i we wsp\u00f3\u0142pracy z partnerami przemys\u0142owymi. Wykorzystuj\u0105c nasz\u0105 wiedz\u0119 i do\u015bwiadczenie oferujemy wparcie i rozwi\u0105zania techniczne bazuj\u0105ce na aktualnym stanie techniki.<\/p>\n","protected":false},"author":1,"featured_media":0,"parent":0,"menu_order":0,"comment_status":"closed","ping_status":"closed","template":"","meta":[],"_links":{"self":[{"href":"https:\/\/asbt.pl\/index.php\/wp-json\/wp\/v2\/pages\/69"}],"collection":[{"href":"https:\/\/asbt.pl\/index.php\/wp-json\/wp\/v2\/pages"}],"about":[{"href":"https:\/\/asbt.pl\/index.php\/wp-json\/wp\/v2\/types\/page"}],"author":[{"embeddable":true,"href":"https:\/\/asbt.pl\/index.php\/wp-json\/wp\/v2\/users\/1"}],"replies":[{"embeddable":true,"href":"https:\/\/asbt.pl\/index.php\/wp-json\/wp\/v2\/comments?post=69"}],"version-history":[{"count":24,"href":"https:\/\/asbt.pl\/index.php\/wp-json\/wp\/v2\/pages\/69\/revisions"}],"predecessor-version":[{"id":161,"href":"https:\/\/asbt.pl\/index.php\/wp-json\/wp\/v2\/pages\/69\/revisions\/161"}],"wp:attachment":[{"href":"https:\/\/asbt.pl\/index.php\/wp-json\/wp\/v2\/media?parent=69"}],"curies":[{"name":"wp","href":"https:\/\/api.w.org\/{rel}","templated":true}]}}